
5
Suppose -2*n = p - 294, -n + 151 = 3*p + 14. Calculate the remainder when n is divided by 17.
13
Let b(o) = -193*o - o**3 - 4*o**2 + 201*o + o**2 + 3. Suppose -28 = -u - 3*u. Calculate the remainder when b(-5) is divided by u.
6
Suppose 0 = 249*p - 264*p + 435. Suppose 0 = z + 5*t - 45, -z - 2*t + 15 + 15 = 0. What is the remainder when p is divided by z?
9
Let y be 1 + -2 + 2 - 1. Suppose 5*z + 5*u - 41 = -1, y = -3*z + 4*u + 59. Calculate the remainder when (2/5)/(28/2590) is divided by z.
11
Let t(q) = 2*q**2 + 3*q - 29. Calculate the remainder when 380 is divided by t(-7).
44
Suppose 0 = -4*w + 2 + 38. Suppose 32 = z - w. Calculate the remainder when z is divided by ((-5)/(-10))/(2/44).
9
Let d = -7 + 16. Let r = -189 + 325. Let w = r + -130. Calculate the remainder when d is divided by w.
3
Let j(a) = -9*a + 94. What is the remainder when j(0) is divided by 27?
13
Let r(q) = -165*q**3 - q**2 + 2*q + 2. Let l be r(-1). Calculate the remainder when (1/2)/(2/l) is divided by 21.
20
Let f = 29 - 24. Calculate the remainder when f is divided by (-18)/(-14) + (-48)/(-28) + -2.
0
Let t(u) = 15*u + 385. Calculate the remainder when 338 is divided by t(-20).
83
Let n(b) = -7*b + 55. Suppose -4*z - z + 80 = 0. Suppose z = -2*j + 6*j. What is the remainder when n(6) is divided by j?
1
Let z(t) = 2 + 0 - 3 + 11*t. Let x = -8260 + 8278. Calculate the remainder when z(3) is divided by x.
14
Let q(s) = 25*s**3 + s**2 + 2*s - 2. Let i(l) = 3*l**2 - 4*l + 2. Calculate the remainder when q(1) is divided by i(2).
2
Let c(p) = 9*p - 10. Let s be (80/(-12))/((-3)/9). Suppose -k = k - s. Calculate the remainder when c(3) is divided by k.
7
Suppose -5*l = 5*m + 10, 10 - 28 = -l + 4*m. Suppose -2*a - 3*u + 9 = 0, l*a - 2*u + 4*u - 8 = 0. Calculate the remainder when a is divided by 7/3 + (-5)/15.
1
Calculate the remainder when 69 is divided by 16/(-1224)*-9 - (-253)/17.
9
Let w be (-2 - -3) + (1 - -17). Let p = w - 5. What is the remainder when 53 is divided by p?
11
Suppose 7*t + 126 = 504. What is the remainder when t is divided by 29?
25
Let y = 104 - 67. Suppose -3*g - 4*i = -13, -5*g - 4*i = -5*i - y. What is the remainder when 31 is divided by g?
3
Suppose 346 = 2*m + 5*c, -c - 6 = -8. Calculate the remainder when m is divided by 63.
42
Let c be 846/126 - (-4)/14. Suppose -5*o - 2 = -c. Calculate the remainder when 3 is divided by o.
0
Let y be 4 + (-4 - (-3 - 4)). Suppose -31 = -5*o - 2*r, -y + 25 = 4*o + 5*r. Let u(a) = a**2 - 6*a + 5. What is the remainder when 46 is divided by u(o)?
10
Suppose -5*v - 3*v + 904 = 0. What is the remainder when v is divided by 46?
21
Let u = -355 + 403. What is the remainder when u is divided by 7?
6
Suppose -37*k + 29*k + 200 = 0. Calculate the remainder when k is divided by 17.
8
Calculate the remainder when 100/6*(-6)/(-2) is divided by (264/10)/1 - (-36)/(-90).
24
Let x(i) = 5*i - 3. Let v be x(4). Suppose -t = d - 3*d - v, d + 5*t = 8. What is the remainder when 28 is divided by 2/d - 360/(-35)?
8
Let o(h) = -h**2 + 11*h - 10. Let a be o(10). Suppose 3 = g + f, a = -5*g - 4*f + 7 + 9. What is the remainder when 4 is divided by g?
0
Let l be (8/2)/(-1 - -2). Suppose -3*u + 3*m + 2*m + 111 = 0, 5*u = l*m + 198. Calculate the remainder when u is divided by 15.
12
Let k(r) = -r**3 - 17*r**2 + 14*r - 34. What is the remainder when 531 is divided by k(-18)?
37
Suppose 2*r = 6 + 34. Let c(u) = 20*u**2 + 2*u + 2. Calculate the remainder when c(-2) is divided by r.
18
Let m(o) = 3*o**2 + 13*o + 5. Let j be m(-5). Let v = 44 - j. Suppose 36 = 4*n - 24. Calculate the remainder when v is divided by n.
14
Suppose 3 - 12 = -3*q. Let w be (q - 1) + (-7 - -7). Suppose w*m + 2*s - 12 = 0, 4*m + 2*s - s = 24. Calculate the remainder when m is divided by 2.
0
Let z(k) = k**2 - 3*k + 5. Let q be z(3). Suppose -6*g + 93 = -q*g. What is the remainder when g is divided by 19?
17
Let j(r) = -r**2 - 27*r - 49. What is the remainder when 82 is divided by j(-24)?
13
Suppose 34*g + 16*g = 1950. Calculate the remainder when 228 is divided by g.
33
Let m(n) = -n**3 - 5*n**2 - 3*n - 4. Let l = 2775 + -2710. What is the remainder when l is divided by m(-5)?
10
Let o(p) = -p**2 - 7*p + 3. What is the remainder when o(-7) is divided by 1 + -2 + 0 + (1 - -2)?
1
Let g(y) = -y**3 - 12*y**2 + 3*y - 117. Suppose 3*p = 68 + 43. What is the remainder when p is divided by g(-13)?
11
Suppose -v + 2*a - 25 = 0, 3*v = a - 105 + 35. Let i = 46 + v. What is the remainder when i is divided by (3 - -2)/(-5 + 11 + -5)?
3
Suppose -3*r - 30 + 18 = 0. Let s(q) = -q + 12. Calculate the remainder when 20 is divided by s(r).
4
Let f(z) = -z**2 - 8*z - 8. Let t be f(-6). Let u(p) = 6*p**2 - 5*p**2 + 3 + 0*p**2 - 2 - p. What is the remainder when u(t) is divided by 8?
5
Let z = 121 + 70. Calculate the remainder when z is divided by 49.
44
Let d = 161 - 79. Suppose 3*h = h + d. Let x = 43 - 32. What is the remainder when h is divided by x?
8
Let y be ((-510)/(-15))/(1/2 + -1). Let d = y + 75. What is the remainder when 26 is divided by d?
5
Suppose 302*u - 1588 = 298*u. What is the remainder when u is divided by 125?
22
Suppose -2*m - 2 + 12 = 0. Suppose -4*d = o - 8, m*o = 2*d + 38 + 2. What is the remainder when 47 is divided by o?
7
Let y(w) = -w**3 + 2*w**2 + 19*w - 3. Let o be y(-7). Suppose 0 = 3*j + m - 254, 5*m = -4*j + 30 + o. Calculate the remainder when j is divided by 22.
19
Let l = -7 + 23. What is the remainder when l is divided by 10?
6
Let g be ((-106)/8)/(2/8). Let k = -21 - g. Calculate the remainder when 8/k - (-139)/4 is divided by 9.
8
Suppose -2*y + 4*s = -60, -21 = -4*y - 4*s + 99. Let x = 110 - 94. What is the remainder when y is divided by x?
14
Suppose -4*j = -2*b + b - 3, 10 = 5*j. Let t(o) = -2*o + 12. Let u be t(b). Let i(s) = 21*s**2 - s + 4. What is the remainder when i(u) is divided by 11?
9
Let f(g) = 16*g**3 - 3*g**2 + 3*g - 1. Calculate the remainder when 26 is divided by f(1).
11
Suppose 7*k - 4*k - 27 = 0. Suppose -5*p = -k*p + 112. Let t = 63 - p. Calculate the remainder when t is divided by 9.
8
Let v(i) = 10*i + 9. Let b be v(4). Suppose 4*q + 3*q = b. What is the remainder when 34 is divided by q?
6
Suppose f = -f - 2*d + 28, 0 = 3*f + d - 38. Let g = f + 16. Calculate the remainder when 82 is divided by g.
26
Let m(r) = 2*r**2 + 1. Let o be m(-2). Suppose 3*p + o = 54. Let s(z) = 12*z - 18. Calculate the remainder when s(5) is divided by p.
12
Let i = -8 + 15. Let j(s) = s + 9. Suppose 4*v = 3*v - 7. Calculate the remainder when i is divided by j(v).
1
Let a(m) = m**3 - 39*m**2 - 42*m + 99. Calculate the remainder when 227 is divided by a(40).
18
Let i = -26 - -28. Suppose i*b = -g + 26, 2*g - 5*b + 4 - 20 = 0. Calculate the remainder when g is divided by 4.
2
Let k = -1107 + 1220. Calculate the remainder when 201 is divided by k.
88
Suppose -90 - 9 = -3*a. Let l be 5/(5/6) + -2. Suppose -4*d + 53 = n + 4*n, -2*n = -l*d - 10. Calculate the remainder when a is divided by n.
6
Let q = 64 + 3. Calculate the remainder when q is divided by 4.
3
Suppose 13*z - 10*z = 2*j - 19, -2*j + 2*z = -14. Let l = 15 - 12. What is the remainder when l is divided by j?
1
Suppose t + 20 - 41 = 0. Calculate the remainder when t is divided by (-24 - -30) + (-4 - 0).
1
Suppose -11*d - 2*l = -13*d + 20, 0 = -5*d - 5*l + 100. What is the remainder when 29 is divided by d?
14
Let l(r) = r - 1. Let v be l(-4). Let m(f) = -3*f - 4. Let u = -11 - -54. What is the remainder when u is divided by m(v)?
10
Let d = 1457 + -487. What is the remainder when d is divided by 54?
52
Let i = 33 - 23. What is the remainder when 10/((-40)/6)*(-1014)/13 is divided by i?
7
Suppose -3*i - 3 = -4*i. Suppose -4*l - 65 = -i*k, -2*l + 13 + 22 = 3*k. Let d(j) = -12*j - 16. Calculate the remainder when d(-5) is divided by k.
14
Let w = 4 + -1. Suppose 4*i - 9 = w*i. Let a(g) = g**2 - g + 11. Calculate the remainder when a(i) is divided by 21.
20
Let z be 6*(-1 - (-4)/6)*-1. Calculate the remainder when 15 is divided by ((-36)/15)/(z/(-5)) - -2.
7
Suppose 2*x = -6, 5*w - 4*x = -3*x + 1048. Calculate the remainder when w is divided by 71.
67
Let n = 15 + -6. Let r = n + -3. What is the remainder when (1 + r/(-4))*-74 is divided by 10?
7
Suppose 0*x - 2*x - 12 = 0. What is the re